+ (-24)/120 is divided by l?
3
Let o = 446 - 440. Suppose -b + 5*z + 2 = 0, -48 = -o*b + 3*b + z. What is the remainder when 90 is divided by b?
5
Let v = 269 - 268. Suppose 6*q = 2*q + 76. What is the remainder when 91*(v + 3/(-7)) is divided by q?
14
Calculate the remainder when 29 - 34 - ((-5)/(-10) + 6327/(-6)) is divided by 211.
205
Suppose 0 = -5*t - m - 0*m - 6, 4*t + 4*m - 8 = 0. Let v be -2*(-1314)/(-12)*t/6. Let k = 97 - v. Calculate the remainder when 117 is divided by k.
21
Let n = -5667 + 5677. Calculate the remainder when 2199 is divided by n.
9
Suppose 0 = -i + 2*d + 17, -3*i - 6*d + d - 4 = 0. Suppose 0 = a - i - 3. Calculate the remainder when 4/84 + (-35 - 18132/(-252)) is divided by a.
7
Let w(a) = a + 3. Let g = 26 + -8. Suppose -7*f + g*f - 88 = 0. Calculate the remainder when f is divided by w(0).
2
Suppose 5*d + 390 = 560. Let m(g) = g**3 + 10*g**2 + 17*g - 8. What is the remainder when d is divided by m(-7)?
14
Let o = 14 - -5. Let m = -457 + 470. What is the remainder when o is divided by m?
6
Let p(g) = 8*g + 90. Calculate the remainder when p(10) is divided by ((-7)/14 - (-10)/(-4)) + 46.
41
Let u(q) = -25*q - 13. Let w = 29 + -24. Let j be (-50)/10 + (w - 2). What is the remainder when u(j) is divided by 19?
18
Let c(i) = -i**2 + 28*i - 113. Let x be c(5). Calculate the remainder when 21*7 - x/10*0 is divided by 37.
36
Let g(d) = -14*d**3 + 15*d**2 + 109*d + 648. What is the remainder when g(-15) is divided by 17?
15
Suppose -42*i = -32*i + 3060. Let h = i + 307. Suppose -6 - 2 = -2*k. What is the remainder when k is divided by h?
0
Let z be 0/(2/(6/3)) + 158. Suppose -44 = 3*v - z. Let g(q) = 150*q**2 + 3*q - 2. What is the remainder when g(1) is divided by v?
37
Suppose 3*h - 3*j = 69, -1 = 2*h + 5*j - 82. Suppose -2*y + 64 = h. Calculate the remainder when 82 is divided by y.
10
Let v(x) = 139*x**2 + 11*x + 31. What is the remainder when v(-7) is divided by 94?
91
Suppose 4*z - 27613 = -5*l + 2334, -3*z - l + 22463 = 0. Suppose 27*y = 3*y + z. What is the remainder when y is divided by 35?
32
Suppose -186*q = -1029 - 1947. What is the remainder when 197 is divided by q?
5
Suppose 3*c + 6*m + 6*m + 21 = 0, 2*c - m = 13. What is the remainder when 189 is divided by c?
4
Suppose -41*r + 4705 + 2101 = 0. Suppose r + 2 = 3*d. Suppose 0 = 3*p + n - 61, -5*p + n = 4*n - 107. What is the remainder when d is divided by p?
18
Suppose -c - 2*c - k = -2, 0 = -3*c + k - 2. Suppose -2*g + 2*v + c = -56, 149 = 5*g + 4*v. What is the remainder when 55 is divided by g?
26
What is the remainder when 1795 is divided by (1*446)/(7 + 4/((-16)/20))?
11
Let q(i) = -i**3 - i**2 - i + 12. Let v = 81 + -84. What is the remainder when (12 + (v - -5))*12/8 is divided by q(0)?
9
Let i(u) = -11*u**2 + 341*u + 80. What is the remainder when i(31) is divided by (3 - (-20)/(-6))*-15?
0
Let q = -771 - -839. Let r be 1 + (-6)/9*-3. Let f(x) = 3*x**2 - 4*x + 4. Calculate the remainder when q is divided by f(r).
11
Let t = 132 + -129. Suppose -4*w + 3 = -25. Calculate the remainder when ((-1)/3 + 6)*t is divided by w.
3
Suppose 0*g = g - 3, 3*z + 2*g = -477. Let y(j) = -4*j**3 - 58*j**2 - 16*j - 62. Let a be y(-14). Let l = z - a. What is the remainder when l is divided by 18?
15
Let r(h) = h**3 + 7*h**2 + 8*h + 10. Let b be r(-6). Calculate the remainder when (-11 + (-20)/(-4))*b is divided by 1/(-3)*3 + 7.
0
Suppose 4*f - 886 = -5*s, 542 = 3*s + 6*f - f. Let u = -6 + 10. Let p(d) = 2*d**2 + d + 8. Calculate the remainder when s is divided by p(u).
42
Suppose -11184 = -9*o - 38*o - o. What is the remainder when 5589 is divided by o?
230
What is the remainder when (-12 - -8) + 8486 + (-11 - -4 - -4) is divided by 101?
96
Suppose -2*c = -10 - 8. Suppose 2*t + 3*i = 211, 550 = 6*t - t + 3*i. What is the remainder when t is divided by c?
5
Let k = -2325 - -2557. Calculate the remainder when k is divided by 15.
7
Suppose -7*z + 116 + 101 = 0. Suppose -349 = -2*m - 3*r, -6*m - r - 177 = -7*m. What is the remainder when m is divided by z?
21
Suppose 6*y = 4*y + 4*o, 4*o = y - 2. Let p be 1 + ((-8)/y - 5) + 120. Suppose p = 10*j - 0*j. Calculate the remainder when 21 is divided by j.
9
Let o(b) = -454*b - 3165. Calculate the remainder when 2859 is divided by o(-7).
12
Suppose y + 3*w = -62, 5*y + 56*w - 57*w = -310. What is the remainder when 351/21 - 4/(-14) is divided by (-134)/(-26) - y/(-403)?
2
Suppose 9*n + 3*n - 88*n = -12768. Calculate the remainder when n is divided by 12.
0
Let k(f) = -835 - 797 + 3*f**2 - 4*f + 1614 + f. Suppose 4*x - 23 = -3*d, 3*d = -x - 0*x + 8. What is the remainder when k(x) is divided by 11?
9
Suppose -7*f = 4*t - 10*f - 1515, -5*t + f + 1880 = 0. Calculate the remainder when t is divided by 124.
3
Suppose 12 + 128 = 5*j. Let z(y) = 39*y**2 + 73*y - 79. Calculate the remainder when z(1) is divided by j.
5
Suppose 5*k + 0*n = -2*n + 236, 4*k + 5*n = 199. Suppose -4*y = -6*y + k. Calculate the remainder when 250 is divided by y.
20
Suppose 115 = 6*l + 19. Suppose 595 = y + l*y. What is the remainder when 67 is divided by y?
32
Let h = -15 - -26. Let c(i) = 7*i + 25. Let o = -10 - -7. Calculate the remainder when h is divided by c(o).
3
Suppose -4*l - 3*s = -558 - 5680, 5*l = 5*s + 7745. Calculate the remainder when l is divided by 20.
15
Suppose -68 = j - 4*z - 186, 5*z = 5. Calculate the remainder when 172 is divided by j.
50
Suppose 20*y = 25*y - b - 319, -177 = -3*y - 3*b. Let m = y - 52. Let i(r) = 2*r + 29. Calculate the remainder when m is divided by i(-11).
4
Suppose 2*p + 108 = 3*p. Let d(l) = l**3 - 10*l**2 - 19*l + 116. Calculate the remainder when p is divided by d(11).
24
Suppose -4*k + 3 = -2*k + 3*w, 0 = 2*k + 5*w - 9. Let c = k + 16. Suppose 4*d - 5*j + 42 = 302, -280 = -5*d - 5*j. What is the remainder when d is divided by c?
8
Let i(g) = 18*g + 135. Calculate the remainder when 171 is divided by i(-6).
9
Suppose -y = -t - 26, -4*t - 32 = -5*y + 87. Let s = 10 + 5. Calculate the remainder when y is divided by s.
0
Let d be 7 + -4 + (-3)/(-6)*-4. What is the remainder when (-2 - (-5)/2)*(d - -201) is divided by -2 - -34*3/6?
11
Calculate the remainder when -7*(13 + -10 + -25) is divided by 123.
31
Calculate the remainder when 45/180 + (2/2 - (-30011)/4) is divided by 54.
52
Suppose 2*h - 9 = 1. What is the remainder when 2142 is divided by h?
2
Let y(j) = 639*j**3 - 5*j**2 + 10*j - 5. Calculate the remainder when y(1) is divided by 43.
37
Suppose 0 = -14*m + 21 + 35. Calculate the remainder when -1 + 0 + 178*2/m is divided by 34.
20
Let k = 7384 - 6056. What is the remainder when k is divided by 42?
26
Let p(o) = 4*o + 11. Suppose -143 = -4*i + 77. Suppose 175 = 3*a + i. What is the remainder when a is divided by p(0)?
7
Let d(p) = -7 + p + 1 + 5 - 17 + 1. Let w = -1 - -23. Calculate the remainder when 33 is divided by d(w).
3
Let r(l) = -l**3 - 7*l**2 + 11*l - 54. Let q be r(-9). Suppose -5*i + q*i - 20 = 0. Let h(u) = 23*u + 1. What is the remainder when h(1) is divided by i?
4
Calculate the remainder when 73 is divided by 2660/57 + (-4)/(-12).
26
Suppose -2*d - w = -826, 3*d + 4*w = 3*w + 1241. Let c = -396 + d. Calculate the remainder when 33 is divided by c.
14
Let h(m) = 21*m**2 - 27*m**2 + 10 - m**3 + 0*m**3 + m - 4*m. Let k be h(-4). What is the remainder when 46 is divided by 5/50*4 + (-156)/k?
14
Suppose 262 - 2512 = -4*a - 6*a. What is the remainder when a is divided by 60?
45
Suppose 2*j + 5*j - 14 = 0. Let h be ((-176)/(-12))/j*3. Calculate the remainder when 37 is divided by (1 - 12/4) + h.
17
Suppose -r - 54 - 25 = -3*l, -l = r - 21. Let q = -21 + 13. Let x = -1 - q. Calculate the remainder when l is divided by x.
4
Suppose -t + 3*v - 76 = 69, 5*t + 741 = -v. Let r = t - -209. Calculate the remainder when r is divided by 42.
19
Suppose 185 = y - 3*g, -y + 180 = -0*y + 2*g. Suppose 3*i - 6 = 0, 3*o + 4*i = 47 - 0. Let f = y + o. Calculate the remainder when f is divided by 33.
30
Let d(g) = -3*g**2 - 2*g + 57. Let z(k) = -k**3 - 4*k**2 - 5*k - 6. Let n be z(-3). Calculate the remainder when d(n) is divided by 20.
17
Calculate the remainder when ((-2)/10)/(82/(-176300)) is divided by 138.
16
Let i(k) = k + 37. What is the remainder when (110 - (31 + -14)) + -25 is divided by i(0)?
31
Suppose 